= p*j - 1062. List the prime factors of j.
3, 59
Let p(z) = 3784*z - 4389. What are the prime factors of p(10)?
11, 3041
Suppose 0 = 2*b + 10, 5*p - 464 - 41 = 4*b. Suppose -2*h + 5*j + p = 0, -2*j + 41 = -2*h + 129. Suppose 16*f = -h + 329. List the prime factors of f.
2, 3
Let w(i) = 2*i**2 - 537*i**3 - 7*i + 494*i**3 - i**2 - 8. What are the prime factors of w(-3)?
7, 13
Let d(s) = 611*s**3 - 4*s**2 + 4*s - 1. Let a be d(2). Suppose a = 50*q - 43*q. What are the prime factors of q?
17, 41
Let q be 449/(-11) - (-4 - (-322)/77). Let z = q + 74. List the prime factors of 2/3*z/(-11) + 208.
2, 103
Let k = 74 + -27. Let s = k + 422. List the prime factors of s.
7, 67
Let j = 1 + 0. Let n(k) = -4*k**2 + 7*k. Let c be n(2). List the prime factors of (j/3)/(c/(-606)).
101
Let d(g) = -g**3 + 4*g**2 + g + 1. Let c be d(5). Let m = 3141 + -3113. Let b = m - c. What are the prime factors of b?
47
Let m = 92 + -89. Suppose 4*y = 4*c, 4*y + m*c = -10 + 38. Suppose -3*a = 3*x - 762, 0*a = y*x - 3*a - 1051. List the prime factors of x.
7, 37
Suppose -5*x - 5*i + 2384 = -2871, -x + 1063 = -2*i. List the prime factors of x.
5, 211
Let a(o) = 101*o + 54. Let b(m) = -202*m - 110. Let h(z) = -5*a(z) - 3*b(z). What are the prime factors of h(6)?
2, 3, 37
Suppose -15 = 4*g + 5*j, 0 = 2*g - g + 2*j + 3. Let m(x) = 3*x**2 + 15*x + 15. What are the prime factors of m(g)?
3, 5
Suppose 35 = -7*k - 0. List the prime factors of (498/(-12) + k)*-18.
3, 31
Let i(p) = -41*p + 3. Let z be i(3). Let q(t) = 91*t + 15. Let l be q(2). Let d = z + l. List the prime factors of d.
7, 11
Suppose -7*t - 10188 = -2*o - 3*t, 10164 = 2*o + 4*t. Suppose 0 = 9*l - l - o. What are the prime factors of l?
2, 3, 53
Suppose 0 = 866*m - 870*m - 36. Let o(p) = -14*p - 36. What are the prime factors of o(m)?
2, 3, 5
Let w be (32/6)/((-1)/24). Let y = 226 + w. List the prime factors of y.
2, 7
Suppose r = -2*g + 21598, -68*g + 53998 = -63*g + r. What are the prime factors of g?
2, 3, 5
Let m(g) be the third derivative of 3*g**4/2 - 37*g**3/6 + 89*g**2. What are the prime factors of m(9)?
7, 41
Let n(o) = o**3 - 18*o**2 + 3*o + 5. Let y be n(18). Suppose 65*a - 2010 = y*a. Suppose -v - 505 = -3*u, -2*u - 2*v = -v - a. What are the prime factors of u?
2, 3, 7
Let t be (((-56)/(-140))/(1/15))/2. Suppose 2*j - 4*u = 26, 8 = -t*u + 2. List the prime factors of j.
3
Suppose 0 = -12*x + 971 - 3779. Let q = -35 - 87. Let z = q - x. What are the prime factors of z?
2, 7
Suppose 2*i - 9590 + 37131 = 3*y, 5*i + 36726 = 4*y. What are the prime factors of y?
67, 137
Let a(c) = c**3 + 10*c**2 - 11*c + 6. Let g be a(-11). Let l = g + 9. Suppose 7*p = 4*p + l, 3*d + 2*p = 313. What are the prime factors of d?
101
Suppose -2*w - r + 14501 = -4*r, w - 7275 = 5*r. List the prime factors of w.
2, 5, 181
Let b(g) = -3*g**3 + 11 + 5*g**3 + 17*g - 7*g**2 + 0*g**3 - 3*g**3. What are the prime factors of b(-9)?
2, 5
Suppose -3*k = 6*k - 29*k + 183060. List the prime factors of k.
3, 113
Let j be 3/(-2) - (-12)/24. Let m be j/(((-3)/(-4))/(18/(-12))). List the prime factors of m/7 - 3/(42/(-1634)).
3, 13
Suppose -4*a + 224 - 252 = 0, -5*a = -h + 21353. What are the prime factors of h?
2, 3, 11, 17, 19
Suppose 0 = 7*q - 6*q + 4*w - 16, 4*q - 4*w - 44 = 0. Suppose s = -2*s + q, 2*l = 3*s + 690. What are the prime factors of l?
3, 13
Suppose -21*u = -14*u - 4452. Suppose 0 = -2*b + 4*r - r + u, -1258 = -4*b - r. Suppose -4*d - w = -b, 5*d - w - 3*w - 378 = 0. What are the prime factors of d?
2, 3, 13
Let u(y) = -982*y - 78. What are the prime factors of u(-11)?
2, 7, 383
Let j(v) = -48*v + 2. Let o be j(-1). Suppose 0 = 3*k - 2*k + g + 15, -4*k = 2*g + o. What are the prime factors of (-2)/k + ((-1438)/10)/(-1)?
2, 3
Let f = 23565 + -23188. List the prime factors of f.
13, 29
Let i(h) be the third derivative of h**5/60 - 7*h**4/8 + 53*h**3/6 + 17*h**2. Let y be i(18). What are the prime factors of (4/(-18))/y + (-13671)/(-81)?
13
Suppose 30*h = 15*h. Suppose 2*y + 6*y - 4264 = h. What are the prime factors of y?
13, 41
Suppose h = -4*s + 525, s = -s + 3*h + 259. Suppose 4*x - 2*k + 482 = 0, x = 8*k - 4*k - s. Let q = x - -238. List the prime factors of q.
7, 17
Let n(p) = 371*p - 150. Let v be n(-4). Let r = v - -2299. List the prime factors of r.
5, 7, 19
Suppose -2*a = -a - 4. Let f = -83 - -124. Suppose -471 = -a*o + f. What are the prime factors of o?
2
Let x(v) be the second derivative of -7/3*v**3 + v + 4*v**2 + 0. List the prime factors of x(-11).
2, 3
Let o(h) = -1358*h - 55 - 48 + 1389*h. List the prime factors of o(9).
2, 11
Let o be 2 - 0*2/8. Let u(l) = l**3 - 16 - 4*l - o*l**3 - 7*l**2 + 2. List the prime factors of u(-8).
2, 41
Let v = 463 + -409. Suppose m - v = 146. List the prime factors of m.
2, 5
Let m = 75310 - 40202. List the prime factors of m.
2, 67, 131
Suppose h = 180 - 304. What are the prime factors of ((-48)/64)/(1/h)?
3, 31
Suppose 5*g - 5*l - 22770 = 0, 85*l = -5*g + 82*l + 22802. List the prime factors of g.
2, 43, 53
What are the prime factors of 15*(-108)/(-90) - -4263?
3, 1427
Suppose -14*i + 165 = 19*i. Suppose 3*j = -l + 328, -3*l = i*j - 0*j - 544. List the prime factors of j.
2, 5, 11
Let j be -26 - -1*(-10)/(-2). Let i be 102/j*-1 - (-1)/7. Suppose 381 = -i*h + 1046. List the prime factors of h.
7, 19
Let v(i) = -2*i**2 - 14*i - 8. Let g be v(-4). Let j = 38 - g. Suppose -145 + j = -s. What are the prime factors of s?
3, 41
Let d be 16/((-64)/(-28))*3/7. Suppose 0 = b + 5*g - 56, d*g = 2*b + 8*g - 137. What are the prime factors of b?
3
Suppose 79*w - 75*w + 4 = 0, n = 6*w + 4134. List the prime factors of n.
2, 3, 43
Suppose -5*h + 48 = 3*h. Suppose w + h = 13. Suppose 6*o - 403 = -w*o. List the prime factors of o.
31
Suppose 44 = 7*g + 9. Suppose 5*f - 185 = -3*z, -g*f + 3*z + 205 = 20. Let i = f + 16. What are the prime factors of i?
53
List the prime factors of ((-788)/(-12))/((-267)/90 + 3).
2, 5, 197
Suppose 3*l - 2*v = 3547, -19*l + 2*v = -21*l + 2358. Suppose -d - l = -p, -2*d + 3557 = 3*p + 34. List the prime factors of p.
11, 107
Let d(o) = 4*o**3 + 2*o**2 + 2*o - 1. Suppose 0*b = -4*b + 2*m + 8, 0 = 5*b + 5*m - 25. What are the prime factors of d(b)?
131
Suppose 34*x - 9 = 2*w + 33*x, 0 = 5*w - 2*x + 22. List the prime factors of (-177564)/(-132) + w/22.
5, 269
Let g = -91 - -92. Let r = g + 1. Suppose 0 + 2 = 2*w, -r*j = 2*w - 98. What are the prime factors of j?
2, 3
Let b = -111 + 74. Let l be 2/(-6) + -13 + 350/42. Let y = l - b. List the prime factors of y.
2
Suppose 5*g = 2*c - 143, 0 = -2*g + 6*g + c + 104. Let p = 29 - g. Let i = -31 + p. What are the prime factors of i?
5
Let z = 70 - 74. Let y be (-20)/(-8)*z/(-5). Suppose 133 = y*l - 87. List the prime factors of l.
2, 5, 11
Let v = 3156 - 2354. List the prime factors of v.
2, 401
Let t be (-1894)/(-8) + (-4)/(-16). Let h = t + 9. List the prime factors of h.
2, 3, 41
Let u(f) = f**3 - 14*f**2 - 7*f + 15. Let q be u(7). Let y = q + 787. What are the prime factors of y?
2, 5, 41
Let f(n) = 114*n**2 - 13*n - 13. Let s be f(3). Suppose -18*y = -s - 2554. List the prime factors of y.
2, 7
Suppose 3*s + m = 5*m + 44, 2*m = 3*s - 40. What are the prime factors of (-346)/(1/5 - s/10)?
2, 173
Let u be ((-6358)/6)/(-4*(-11)/(-132)). Suppose 0 = 5*m - u - 1331. List the prime factors of m.
2, 11, 41
Let z(q) = -78*q + 673. List the prime factors of z(-8).
1297
Suppose 3*g = 2*a - 93, 1 - 34 = -a - 3*g. Let d = -92 + 106. List the prime factors of 7158/a + 5 + (-6)/d.
5, 7
Let c(j) = -j**3 + 18*j**2 + 19*j + 36. Let x be c(19). Suppose 43*l - x*l - 4739 = 0. What are the prime factors of l?
677
Suppose -2*r + 4*l + 21 = -5*r, 0 = -5*r - 2*l - 35. Let t = 20 + r. What are the prime factors of t?
13
Let s(i) = -7*i + 24*i - 31 - 116. What are the prime factors of s(25)?
2, 139
Suppose 17*s - 80 = 7*s. Suppose -3679 = -5*a - 3*y, s*y = -a + 5*y + 743. List the prime factors of a.
2, 367
Let s(c) = 3*c**2 - c - 2. Let z = -39 - -43. Suppose 2*x - 5 = -4*v + 13, -z*x = -v. List the prime factors of s(v).
2, 3, 7
Let v = -6212 - -9569. List the prime factors of v.
3, 373
Suppose -2*n + 22 = -t, -5*n + 48 = -t - t. Let r(j) = -j**2 - 47*j - 4. What are the prime factors of r(t)?
2, 229
Let p(j) = -297*j + 6809. What are the pr